 69 and 6?
3
What is the greatest common divisor of 350 and 4718?
14
What is the highest common divisor of 228 and 5396?
76
Calculate the greatest common factor of 450 and 18.
18
Calculate the greatest common factor of 34 and 5542.
34
Calculate the highest common factor of 404 and 32.
4
What is the highest common divisor of 18 and 1962?
18
Calculate the greatest common divisor of 690 and 25.
5
Calculate the highest common divisor of 116 and 12.
4
Calculate the highest common factor of 1090 and 70.
10
Calculate the greatest common factor of 410 and 21566.
82
What is the greatest common factor of 46 and 23?
23
What is the greatest common divisor of 114 and 1767?
57
Calculate the greatest common factor of 3 and 33.
3
What is the greatest common divisor of 297 and 135?
27
What is the greatest common divisor of 41 and 1025?
41
Calculate the greatest common divisor of 756 and 14.
14
What is the highest common factor of 44 and 12?
4
What is the highest common divisor of 55 and 10879?
11
Calculate the highest common factor of 323 and 57.
19
What is the highest common divisor of 69 and 15?
3
What is the greatest common divisor of 2 and 3?
1
Calculate the greatest common divisor of 5152 and 483.
161
Calculate the highest common factor of 19776 and 12.
12
Calculate the greatest common factor of 2088 and 1827.
261
Calculate the highest common divisor of 621 and 1566.
27
Calculate the greatest common divisor of 231 and 1029.
21
Calculate the highest common divisor of 17 and 3587.
17
What is the greatest common factor of 132 and 88?
44
Calculate the highest common factor of 1952 and 64.
32
Calculate the greatest common factor of 1121 and 38.
19
What is the highest common divisor of 36 and 639?
9
What is the greatest common divisor of 9 and 333?
9
Calculate the greatest common factor of 407 and 11.
11
What is the greatest common factor of 9 and 63?
9
Calculate the highest common divisor of 63 and 105.
21
What is the greatest common factor of 54 and 405?
27
Calculate the highest common factor of 3 and 438.
3
What is the greatest common divisor of 596 and 4?
4
What is the highest common factor of 2525 and 200?
25
Calculate the highest common factor of 234 and 126.
18
Calculate the highest common divisor of 24 and 6036.
12
Calculate the greatest common divisor of 19886 and 122.
122
What is the highest common divisor of 252 and 36?
36
Calculate the greatest common factor of 16803 and 9.
9
What is the highest common factor of 416 and 32?
32
What is the highest common factor of 43372 and 28?
28
Calculate the greatest common divisor of 4 and 13196.
4
Calculate the greatest common factor of 9 and 6471.
9
Calculate the highest common divisor of 682 and 558.
62
What is the highest common divisor of 26 and 39?
13
What is the greatest common divisor of 21800 and 150?
50
What is the highest common divisor of 592 and 16?
16
Calculate the greatest common factor of 260 and 13.
13
Calculate the greatest common factor of 152 and 84.
4
What is the highest common factor of 1679 and 207?
23
Calculate the greatest common divisor of 34 and 4454.
34
What is the highest common divisor of 20 and 1340?
20
Calculate the greatest common divisor of 26 and 754.
26
What is the greatest common divisor of 25 and 675?
25
Calculate the highest common divisor of 53838 and 54.
54
What is the greatest common divisor of 1980 and 880?
220
Calculate the highest common divisor of 63 and 1575.
63
What is the highest common divisor of 108 and 696?
12
What is the greatest common factor of 28 and 2884?
28
What is the highest common factor of 322 and 92?
46
What is the greatest common divisor of 80 and 440?
40
Calculate the highest common factor of 6 and 474.
6
Calculate the greatest common divisor of 981 and 9.
9
Calculate the greatest common divisor of 1856 and 192.
64
Calculate the greatest common divisor of 31755 and 219.
219
What is the highest common divisor of 176 and 847?
11
Calculate the highest common factor of 752 and 8.
8
Calculate the highest common divisor of 102 and 578.
34
What is the highest common divisor of 18 and 192?
6
What is the highest common divisor of 260 and 1950?
130
What is the highest common factor of 4584 and 48?
24
Calculate the highest common divisor of 60108 and 12.
12
What is the greatest common factor of 96 and 564?
12
Calculate the highest common factor of 6 and 83.
1
Calculate the highest common factor of 2160 and 756.
108
Calculate the highest common factor of 5650 and 200.
50
What is the highest common divisor of 38 and 30?
2
What is the greatest common factor of 82 and 287?
41
What is the highest common factor of 54 and 5?
1
What is the greatest common divisor of 112 and 208?
16
Calculate the greatest common factor of 47 and 13.
1
What is the highest common factor of 1472 and 207?
23
Calculate the highest common factor of 370 and 600.
10
What is the highest common divisor of 102 and 2?
2
What is the greatest common factor of 4294 and 304?
38
What is the highest common factor of 17 and 527?
17
What is the highest common divisor of 83 and 17?
1
Calculate the greatest common factor of 1457 and 94.
47
Calculate the highest common divisor of 3484 and 312.
52
What is the greatest common divisor of 117 and 13?
13
What is the greatest common factor of 11 and 4543?
11
Calculate the greatest common factor of 14 and 49.
7
What is the greatest common divisor of 142 and 2?
2
What is the highest common factor of 1005 and 45?
15
What is the highest common factor of 30 and 3105?
15
Calculate the greatest common divisor of 77964 and 178.
178
What is the greatest common factor of 6528 and 1344?
192
Calculate the greatest common factor of 13 and 129467.
13
Calculate the highest common divisor of 8010 and 15.
15
Calculate the highest common factor of 20 and 155.
5
What is the highest common factor of 329 and 2773?
47
Calculate the highest common factor of 152 and 2470.
38
Calculate the highest common factor of 1276 and 232.
116
What is the greatest common factor of 7476 and 210?
42
What is the greatest common divisor of 16 and 152?
8
What is the highest common factor of 2877 and 6?
3
Calculate the greatest common divisor of 795 and 8586.
159
Calculate the highest common factor of 38 and 589.
19
What is the greatest common factor of 15 and 35?
5
Calculate the highest common divisor of 68 and 782.
34
Calculate the highest common divisor of 858 and 26.
26
What is the highest common factor of 1656 and 3128?
184
Calculate the greatest common factor of 11 and 517.
11
What is the highest common divisor of 810 and 15?
15
Calculate the greatest common factor of 85 and 425.
85
What is the highest common divisor of 2162 and 138?
46
Calculate the highest common factor of 832 and 520.
104
What is the greatest common factor of 12 and 996?
12
What is the highest common factor of 29664 and 206?
206
What is the highest common divisor of 18 and 426?
6
Calculate the highest common factor of 21 and 141.
3
What is the greatest common factor of 17 and 28373?
17
What is the highest common divisor of 33 and 81?
3
Calculate the greatest common factor of 19 and 8132.
19
What is the greatest common factor of 180 and 820?
20
What is the highest common factor of 514 and 6?
2
What is the greatest common divisor of 980 and 308?
28
Calculate the greatest common factor of 4 and 32.
4
What is the greatest common divisor of 2592 and 81?
81
What is the greatest common divisor of 524 and 1179?
131
Calculate the greatest common factor of 22 and 55.
11
What is the greatest common divisor of 10266 and 870?
174
Calculate the greatest common factor of 1368 and 2128.
152
Calculate the highest common divisor of 18 and 558.
18
Calculate the highest common divisor of 549 and 2623.
61
What is the highest common divisor of 156 and 51532?
52
What is the greatest common divisor of 799 and 141?
47
What is the greatest common divisor of 141 and 1504?
47
What is the highest common factor of 470 and 329?
47
Calculate the highest common divisor of 1240 and 60.
20
What is the highest common divisor of 378 and 168?
42
What is the greatest common divisor of 20 and 170?
10
What is the greatest common divisor of 950 and 50?
50
Calculate the highest common factor of 25 and 1475.
25
Calculate the highest common factor of 1027 and 13.
13
Wha